ose 1314*k = 1326*k - 24408. List the prime factors of k.
2, 3, 113
Suppose 5*p - 1760 - 773 = -2*w, 2*p + 3752 = 3*w. What are the prime factors of w?
2, 3, 11, 19
What are the prime factors of 2105*4/8*10/25?
421
List the prime factors of (204/10)/(50/2875).
3, 17, 23
Let z = 1 + -3. Let s(r) = 4*r**3 - 5*r**2 - 6. Let a(p) = -4*p**3 + 3*p**2 - p + 3. Let i(j) = 3*a(j) + 2*s(j). List the prime factors of i(z).
31
Suppose -7 = 3*a + 5, 4*c - 3*a - 108 = 0. Let w = c - -8. Suppose -3*f = f - w. What are the prime factors of f?
2
Let h(s) = -3*s - 15. Let x be (-8)/(-10)*(0 - -25). Suppose 5*b + 2*u + 55 = -3*u, x = -4*b + 2*u. List the prime factors of h(b).
2, 3
Suppose 4*t - 2*q - 663 - 1815 = 0, -5*t = -3*q - 3096. What are the prime factors of t?
3, 23
Let z(r) be the first derivative of r**3/3 - 11*r**2/2 + 3. Suppose 2*f - 3*f + 3*q = -12, 0 = -2*f - 4*q + 24. What are the prime factors of z(f)?
2, 3
Let b = 500 + 7. List the prime factors of b.
3, 13
Let q be 129/(-12) - (-1)/(-4). Let s = q + 14. What are the prime factors of s - 93/(0 - 3)?
2, 17
Suppose 5*j - 16 + 1 = 0. Suppose 15*l = -4 + 49. Suppose 0 = l*u - 4*h - 9 - 2, 15 = j*u - 3*h. List the prime factors of u.
3
Let y = 7 - 1. Let q(s) = 4*s - y - 4 + s + 3. What are the prime factors of q(3)?
2
Suppose -5*y + a = -657, -y - 3*a + 144 = a. What are the prime factors of y?
2, 3, 11
Suppose -940 = -2*o + 5*j, -1888 + 8 = -4*o - 5*j. Suppose 6*l - 148 = o. List the prime factors of l.
103
Suppose 0 = h - 4 + 2. Suppose -h = 2*p - 6. What are the prime factors of p?
2
List the prime factors of 14137*3/15 - (-3)/5.
2, 7, 101
Suppose 21*a - 2*a - 3401 = 0. What are the prime factors of a?
179
Let l = -50 - -55. Suppose 3*f + 738 = 3*k + 192, -3*f - 904 = -l*k. What are the prime factors of k?
179
Suppose -20 + 32 = 3*y. Suppose 0*p = 3*a - 3*p - 264, p - 337 = -y*a. What are the prime factors of a?
5, 17
Let b(o) = 52*o**3 + 3*o**2 - 2*o + 1. Let c = -5 + 6. What are the prime factors of b(c)?
2, 3
Suppose 48 = 5*q - 17. Let j = q + 97. What are the prime factors of j?
2, 5, 11
What are the prime factors of 78*((-1)/(8/(-20)) + 30)?
3, 5, 13
What are the prime factors of ((-48)/20)/((-326133)/(-27180) + -12)?
2, 151
Let u = -78 - -93. Let k(t) = -t**2 + 34*t - 36. What are the prime factors of k(u)?
3, 83
Suppose n - 4*n - k = 3, k = -4*n - 3. Suppose 2*o + 802 = 4*w, n*o = 5*w - 2*o - 1003. List the prime factors of w.
3, 67
Let j be 110/15 - (-10)/15. Suppose 284 = -j*w + 10*w. What are the prime factors of w?
2, 71
Let n be 13/(11/(-6) - -2). Let s(f) = -n*f**2 + 24 - 2*f + 77*f**2 + 3*f. List the prime factors of s(0).
2, 3
Let w(l) = l**2 + l - 1. Let x = -11 - -18. Suppose -5*r + 22 = x. List the prime factors of w(r).
11
Suppose -4*d + 2*f + 12186 = 0, 5*d - 7880 = 3*f + 7355. What are the prime factors of d?
2, 761
Suppose 6 = 2*k, 22 - 1 = 2*i + 3*k. Suppose i*c - 9 = 21. Suppose -q + 3*p - 89 = -c*q, -5*p = q - 35. List the prime factors of q.
2, 5
Let w(m) = -m**3 + 21*m**2 + 18*m + 30. Let v(a) = -5*a**3 + 84*a**2 + 72*a + 121. Let k(o) = -2*v(o) + 9*w(o). What are the prime factors of k(-20)?
2, 17
Suppose 10*g = 14*g - 1152. Suppose 6*m - g + 96 = 0. What are the prime factors of m?
2
Suppose -28206 = -24*z + 3930. List the prime factors of z.
13, 103
Let d be (-6)/((-9)/(-3)) + -4. List the prime factors of ((-82)/d)/(9/27).
41
Let v(u) = -9. Let z(c) be the second derivative of c**3/6 + 23*c**2 - 10*c. Let q(f) = -11*v(f) - 2*z(f). List the prime factors of q(-3).
13
Let w(c) = -55*c + 197*c**2 - 59*c + 117*c + 2. List the prime factors of w(-1).
2, 7
Suppose 5*w = -q + 2514, 66*q = w + 65*q - 498. List the prime factors of w.
2, 251
Let m = -209 - -330. Suppose -10*o + m = -119. What are the prime factors of o?
2, 3
Let y = 382 + -233. List the prime factors of y.
149
Suppose -4*l + 9 = -3. Let h = l + -8. What are the prime factors of 2/h + 171/15?
11
Let x be (-4 - -2)*(-6 + 2). List the prime factors of (20/x - 3 - 0)*-78.
3, 13
Let w(r) = 3*r**2 - 1. Let d(u) = -u**2. Let h(y) = -2*d(y) + w(y). Let v be h(-1). List the prime factors of (v/4)/(1/16).
2
What are the prime factors of (3839/(-11))/(2 + 20/(-8))?
2, 349
Let q(b) be the second derivative of b**3/6 + 5*b**2 - 2*b. Let o be q(-8). Suppose -s = z - 24, 2 + 2 = o*z. What are the prime factors of s?
2, 11
Let w = 61 - 17. Let f = 97 - w. List the prime factors of f.
53
Let f = 256 - -74. What are the prime factors of f?
2, 3, 5, 11
Suppose 3*l = -0*l + 9*l. Let i(b) = b**3 - 2*b**2 + b + 137. List the prime factors of i(l).
137
Let c be 1/4 + 236/16. Suppose -12*x = -c*x + 585. What are the prime factors of x?
3, 5, 13
Let y(n) be the third derivative of 0 - 1/120*n**6 + 3*n**2 + 1/4*n**4 - n**3 - 1/30*n**5 + 0*n. List the prime factors of y(-5).
3, 13
Let d = 95 + -90. Suppose 3*j = d*p - 0*j - 1024, -12 = 4*j. What are the prime factors of p?
7, 29
Let i be (-842)/(-5) + 10/(-25). Suppose 6*a = 2*a + i. List the prime factors of a.
2, 3, 7
Let f = 215 - 375. Let k = f + 390. What are the prime factors of k?
2, 5, 23
Suppose -7*h = 263 - 1355. Suppose 0*i = i, -i - h = -2*d. List the prime factors of d.
2, 3, 13
Let k(z) = 78*z + 83. What are the prime factors of k(8)?
7, 101
Suppose 2 = -5*m - 3. Suppose 3*t - 5*c = -19, c = t - c + 7. Let u = m - t. List the prime factors of u.
2
Suppose 3*s - 22 + 13 = 0. Suppose -y - s*x + 188 = -8*x, x + 168 = y. What are the prime factors of y?
163
Suppose -677*v + 1238 = -675*v. What are the prime factors of v?
619
Suppose 4*r + 4 = -2*c - 4, -r - 2*c = -1. Let n be 62/(-8) - 1/4 - -2. What are the prime factors of (-168)/n - r/1?
31
Let x(k) = 0*k**2 + 12*k + 0*k**2 - k**2. Suppose -5*b + 2*b - 13 = -5*p, 3*p - 2*b = 7. What are the prime factors of x(p)?
5, 7
Suppose -3*z - z = -2*u - 60, 2*u = -2*z + 42. Suppose -m - 7 = -a - z, 0 = -m + 5*a + 22. What are the prime factors of m?
7
Let z(l) be the second derivative of -l**4/12 - 10*l**3/3 - 6*l**2 - 24*l. Let t(p) = -17*p**2. Let q be t(1). List the prime factors of z(q).
3, 13
Let j(p) = p**3 + 4*p**2 - 7*p + 76. List the prime factors of j(9).
2, 13, 41
Suppose 0 = -4*t + 2*r - 3*r + 190, 3*t + 2*r - 145 = 0. Suppose -4*x + 204 = -4*k, 5*k - t = -2*x + 55. What are the prime factors of x?
3, 17
Let t(x) = -3*x + 10. Suppose 2*u + 2*u = 0. Suppose 4*k = -5*o - 32, -o = -u*o. List the prime factors of t(k).
2, 17
Let y(k) be the third derivative of k**6/120 - 13*k**5/60 + 7*k**4/12 - 2*k**3/3 + 2*k**2. Suppose -43 = -8*u + 53. What are the prime factors of y(u)?
2, 5
Suppose 407*u = 409*u - 6184. List the prime factors of u.
2, 773
Suppose 8*p - 11*p - 4*j + 7040 = 0, -2*j = -p + 2350. What are the prime factors of p?
2, 587
Suppose -7*s = 6*s - 5499. List the prime factors of s.
3, 47
Suppose -8 - 12 = 5*r. List the prime factors of (-102)/((-4)/(-8)*r).
3, 17
Suppose 0 = -3*g + 15, -8*g + 6*g = -3*i + 305. List the prime factors of i.
3, 5, 7
Let k be (-4 - -2)/(2/107). Let h(d) = -6*d**2 + 2*d + 50. Let j be h(-6). Let g = k - j. List the prime factors of g.
71
Let y be 2*(7/2 + -2). Suppose -o - 1 = -y. Suppose 0 = o*q - 4*q + 12. What are the prime factors of q?
2, 3
Suppose 6*l - 913 - 911 = 0. Suppose 3*i - 26 = 4*w - l, 2*w = -2*i + 132. List the prime factors of w.
2, 17
Let v(g) = g**2 - 27*g + 74. Let p be v(24). What are the prime factors of (5 - 3 - -24*1)*p?
2, 13
Let l(j) = -j**3 + 6*j**2 - 5*j. Let v be l(5). Suppose -2 = -d - c - v, -5*c = -2*d + 32. List the prime factors of 4/d + (-104)/(-6).
2, 3
List the prime factors of 5930/(-165)*-63 + (-34)/187.
2, 283
Suppose 42 = -3*v + v. Let g be (12/v)/((-2)/14). Suppose -g*w - w = -115. What are the prime factors of w?
23
Suppose -3*s + 4*y + 23 = 0, 5*s - 138 = -4*y - 57. What are the prime factors of s?
13
What are the prime factors of 19668/18 + 12/(-18)?
2, 3, 7, 13
Suppose 0 = -7*n + 6*n + 12. Let c = -7 + n. Suppose 0*d + 309 = 4*k + d, -2*k + 177 = c*d. List the prime factors of k.
2, 19
Let v = 21 + -35. Let n = 20 + v. Let k(w) = -w**3 + 8*w**2 - 4*w + 6. List the prime factors of k(n).
2, 3
Suppose 5*a = 2*f - 3*f + 274, -5*f - 225 = -4*a. Suppose -80 = -3*j + a. What are the prime factors of j?
3, 5
Let a = 804 - 388. List the pri